{"id":1,"date":"2019-09-05T08:43:56","date_gmt":"2019-09-05T08:43:56","guid":{"rendered":"https:\/\/d221guccdyw.preview.infomaniak.website\/?page_id=1"},"modified":"2026-05-05T16:18:44","modified_gmt":"2026-05-05T16:18:44","slug":"home","status":"publish","type":"page","link":"https:\/\/julie-jenny.attitude-digitale.com\/","title":{"rendered":"Home"},"content":{"rendered":"<div>\n<p>        <img decoding=\"async\" src=\"\/wp-content\/uploads\/2026\/05\/magnific_passe-limage-en-32-met-le_2926099623.jpeg\" alt=\"\"><\/p>\n<h3>Julie Jenny, Ost\u00e9opathe D.O. et naturopathe \u00e0 c\u00f4t\u00e9 de Colmar, une approche globale, pour un mieux-\u00eatre durable.<\/h3>\n<\/div>\n<p><!--more--><br \/>\n<!-- {\"type\":\"layout\",\"children\":[{\"type\":\"section\",\"props\":{\"image_position\":\"center-center\",\"padding_top\":\"none\",\"style\":\"default\",\"title_breakpoint\":\"xl\",\"title_position\":\"top-left\",\"title_rotation\":\"left\",\"vertical_align\":\"middle\",\"width\":\"\"},\"children\":[{\"type\":\"row\",\"children\":[{\"type\":\"column\",\"props\":{\"image_position\":\"center-center\",\"position_sticky_breakpoint\":\"m\"},\"children\":[{\"type\":\"overlay\",\"props\":{\"image\":\"wp-content\/uploads\/2026\/05\/magnific_passe-limage-en-32-met-le_2926099623.jpeg\",\"link_style\":\"default\",\"link_text\":\"Read more\",\"margin_bottom\":\"default\",\"margin_top\":\"default\",\"meta_align\":\"below-title\",\"meta_element\":\"div\",\"meta_style\":\"text-meta\",\"overlay_hover\":false,\"overlay_margin\":\"large\",\"overlay_maxwidth\":\"xlarge\",\"overlay_mode\":\"caption\",\"overlay_padding\":\"small\",\"overlay_position\":\"center-right\",\"overlay_style\":\"\",\"overlay_transition\":\"fade\",\"text_align\":\"left\",\"text_color\":\"dark\",\"title\":\"Julie Jenny, Ost\u00e9opathe D.O. et naturopathe \u00e0 c\u00f4t\u00e9 de Colmar, une approche globale, pour un mieux-\u00eatre durable.\",\"title_color\":\"emphasis\",\"title_element\":\"h3\",\"title_hover_style\":\"reset\",\"title_style\":\"heading-medium\"}}]}]}]}],\"version\":\"5.0.19\"} --><\/p>\n","protected":false},"excerpt":{"rendered":"<p>Julie Jenny, Ost\u00e9opathe D.O. et naturopathe \u00e0 c\u00f4t\u00e9 de Colmar, une approche globale, pour un mieux-\u00eatre durable.<\/p>\n","protected":false},"author":1,"featured_media":0,"parent":0,"menu_order":0,"comment_status":"closed","ping_status":"closed","template":"","meta":{"_acf_changed":false,"footnotes":""},"class_list":["post-1","page","type-page","status-publish","hentry"],"acf":[],"_links":{"self":[{"href":"https:\/\/julie-jenny.attitude-digitale.com\/index.php?rest_route=\/wp\/v2\/pages\/1","targetHints":{"allow":["GET"]}}],"collection":[{"href":"https:\/\/julie-jenny.attitude-digitale.com\/index.php?rest_route=\/wp\/v2\/pages"}],"about":[{"href":"https:\/\/julie-jenny.attitude-digitale.com\/index.php?rest_route=\/wp\/v2\/types\/page"}],"author":[{"embeddable":true,"href":"https:\/\/julie-jenny.attitude-digitale.com\/index.php?rest_route=\/wp\/v2\/users\/1"}],"replies":[{"embeddable":true,"href":"https:\/\/julie-jenny.attitude-digitale.com\/index.php?rest_route=%2Fwp%2Fv2%2Fcomments&post=1"}],"version-history":[{"count":5,"href":"https:\/\/julie-jenny.attitude-digitale.com\/index.php?rest_route=\/wp\/v2\/pages\/1\/revisions"}],"predecessor-version":[{"id":2091,"href":"https:\/\/julie-jenny.attitude-digitale.com\/index.php?rest_route=\/wp\/v2\/pages\/1\/revisions\/2091"}],"wp:attachment":[{"href":"https:\/\/julie-jenny.attitude-digitale.com\/index.php?rest_route=%2Fwp%2Fv2%2Fmedia&parent=1"}],"curies":[{"name":"wp","href":"https:\/\/api.w.org\/{rel}","templated":true}]}}